 0 = 6*b - 247 - 107. What is the tens digit of b?
5
Let z be ((-8)/5)/((-1)/5). Suppose -z*i + 80 = -3*i. Let h = i + -7. What is the units digit of h?
9
Let k = 21 - 6. Suppose -4*z + b + k = -5, -z + 5 = b. Suppose z*j = 104 - 34. What is the units digit of j?
4
Suppose 11*t - 285 + 32 = 0. What is the units digit of t?
3
Let a = 186 + -10. What is the units digit of a?
6
Let n(y) = y**2 - 2*y - 2. Let i(a) = a**2 + 1. Let h be i(-2). Let j be n(h). Let q = j - 7. What is the units digit of q?
6
What is the units digit of 87 + 4/(12/(-9))?
4
Let u(j) = j**2 + j. Let l be u(-3). Let p(s) = -s**2 - s + 2. Let o be p(-3). Let d = o + l. What is the units digit of d?
2
Suppose 3*f + 2*s - 8 = 9, s - 4 = 0. Suppose -2*i = -t - f*i - 3, -4*t - 18 = -2*i. What is the units digit of (3 + t)/(-1*1)?
1
Suppose -3*q + 8*q = 170. What is the units digit of q?
4
Suppose -3*h + 874 - 118 = 0. What is the units digit of h?
2
Let u be 0*(10/(-4) - -3). Suppose -4*b + u*b + 32 = 2*z, -3 = -b. What is the tens digit of z?
1
Let k = 58 - 29. What is the tens digit of k?
2
Let b(q) = q**3 - 3*q**2 + 2. Let v be b(2). Suppose 0 = 2*m - 11 + 3. Let t = m + v. What is the units digit of t?
2
Let u = -10 - -15. Suppose 0*s = -u*s + 130. What is the units digit of s?
6
Let h = 8 + -6. What is the units digit of (-20)/12*(-6)/h?
5
What is the units digit of 2/8 - (-179)/4?
5
Let u(k) = k**3 - k + 1. Let d be 2*3/(3 + 0). Suppose p = 3 - d. What is the units digit of u(p)?
1
Let s be (8/(-4))/(2/(-3)). Suppose -s*f + 7 = -2. Let w = -1 + f. What is the units digit of w?
2
Suppose -11*d + 30 = -10*d. What is the units digit of d?
0
What is the units digit of (-294)/(-9) - (-1)/3?
3
Let t = 45 - 32. What is the units digit of t?
3
Suppose 0*a = 2*j + 4*a - 508, a + 242 = j. What is the units digit of j?
6
Suppose 2*w = -2*p - p + 516, 0 = 2*p - 3*w - 331. What is the units digit of p?
0
Suppose -3*d - 90 = -3*k, -11 = -3*k - d + 59. What is the tens digit of (-15)/k + (-113)/(-5)?
2
Suppose 2*b - 5 = -3*b. Suppose -b = 2*c + 3. What is the units digit of 2/(0 - c)*7?
7
Suppose j - 15 = 6*j. What is the tens digit of 5*(-1 + 5 - j)?
3
Let x be 66/(-8) - (-18)/(-24). Let j(z) = -z**3 - 8*z**2 + 6*z - 7. What is the units digit of j(x)?
0
Let z(g) = -g**3 - g**2 + 3*g + 1. Let s be z(-3). Suppose 0 = -5*d + x + 14 + s, -16 = 4*x. What is the units digit of d?
4
Suppose -3*x + 21 = 6. Suppose -m + 0 = x*h - 10, -2 = -h + m. What is the units digit of h?
2
Let k = 32 - 54. Let g = k + 56. What is the units digit of g?
4
Suppose -2*g - 3*g + 14 = 3*v, 4*g = -v. What is the units digit of (5/2)/(v/48)?
5
What is the hundreds digit of 1 + 959/6 - 2/(-12)?
1
Suppose 2*t + 8 = 0, 2*t + 28 = 2*u - 2*t. Suppose 3*z - u = 3. Suppose -5*r = 3*d - 98 - 12, z*d - 91 = -4*r. What is the tens digit of r?
1
Suppose 5*u + 2*l = 400, -3*l = 7 + 8. What is the units digit of u?
2
Let k(m) = -29*m - 2. Let v(w) = -w - 3. Let o be v(-5). Let s be k(o). What is the units digit of s/(-14) - 2/7?
4
Suppose -3*v + 3 = -3. Suppose 0 = -2*g - v - 18. What is the tens digit of (8/(-10))/(g/175)?
1
Let g(f) = -7*f + 7. Let w be g(-6). Suppose 2*r - w = -5. What is the units digit of r?
2
Let a(n) = -14*n**3 - 2*n**2 - 2*n - 3. Let h be 3/(-3) + 1/(-1). Let j be a(h). Suppose 7*x = -5*o + 3*x + 87, 5*x = 5*o - j. What is the units digit of o?
9
Let p(h) = -13*h + 1. Let k be p(-1). Let r be 105/k*4/2. What is the units digit of (1 - r/(-9))*3?
8
Let h be 1/4 - (-165)/12. Let w be (-6)/(-21) + (-4)/h. What is the units digit of (-6)/(-1) + (-1 - w)?
5
Let d = 51 + -14. Suppose -4*m + 11 = 3*j, -5*m - 3*j + d = -7*j. Suppose 0*o - m*o - 2*z - 3 = 0, -2*z - 8 = 0. What is the units digit of o?
1
Suppose -3*a = v + 33, -v - a = 18 + 9. Let q be v/(-15) + 2/5. Suppose -m - q*h + 12 = 0, -2*h = 4*m + h - 28. What is the units digit of m?
4
Let i be 38/8 - 1/(-4). Let a = i - -2. What is the units digit of a?
7
Let m(u) = -u**2 + 16*u - 2. What is the tens digit of m(15)?
1
Suppose u = -3*u. Suppose 3*d + u = 12. What is the units digit of d?
4
Suppose 2*r - 60 = 6*r. Let y = r + 40. What is the units digit of y?
5
Suppose 0 = -5*p - 0*p + 4*o + 2, -6 = -3*o. Suppose 4 = 3*m - p. What is the units digit of m?
2
Let c(q) be the third derivative of q**6/360 + q**5/30 - q**4/24 + q**3/3 - 2*q**2. Let h(i) be the first derivative of c(i). What is the tens digit of h(-6)?
1
Let y = 14 - -16. Suppose -p = 3, 6*b + 2*p - y = 2*b. What is the units digit of b?
9
Suppose 3*o + 7 = -5*b, -4*o = -3*b - 2*o - 8. Let d(s) = 3*s + 1. Let w(x) = -4*x - 2. Let n(k) = -3*d(k) - 2*w(k). What is the units digit of n(b)?
3
Suppose -2*d + 4*f = 0, 2*f = -5*d - 2*f - 70. Let y(u) = 5 - u**2 + 5 - 9*u + 2. What is the units digit of y(d)?
2
Let z(j) = j**3 + 7*j**2 - j - 7. Suppose 6 = -n - 1. Let s be z(n). Suppose s = u + 4 - 19. What is the tens digit of u?
1
Suppose -c - 3*d = -38, 4*d = -5*c - 0*c + 201. Suppose 0 = 4*s - 5*j - c + 12, 17 = 2*s - 3*j. Let l(u) = 8*u**2 + 1. What is the units digit of l(s)?
9
Suppose 4*m + j - 100 = -3*j, 2*j + 22 = m. What is the units digit of m?
4
Let f be 1*(-15)/3 - 1. Let w be 164/f - (-3)/9. What is the units digit of (-2)/9 - 195/w?
7
Let a be 12/(-4) + (-4)/(-1). What is the units digit of (-2 + 4)*1*a?
2
Suppose 2*p - 2*j = -3 - 15, 5 = 5*p + 5*j. What is the units digit of p/(-6) + 4/12?
1
Let b(v) = -118*v + 2. Let f be b(8). What is the tens digit of (-3)/18 + f/(-36)?
2
Let x(l) = 4*l**2 + 2*l + 5. What is the units digit of x(-4)?
1
Suppose -15 = 2*p - 7*p. Suppose -4*b + 2*b - 2*k + 2 = 0, -p*k - 7 = -2*b. What is the units digit of b?
2
Let a(f) = 2*f**2 - 9*f - 9. Suppose 0*y - 14 = -2*y. What is the tens digit of a(y)?
2
Let k(p) = -p**3 - 6*p**2 - 8*p + 2. Let f(j) = -2*j**3 - 12*j**2 - 17*j + 4. Let a(v) = -2*f(v) + 5*k(v). Let d = -5 + 0. What is the units digit of a(d)?
7
What is the tens digit of 33*(-5)/(60/(-8))?
2
Let g = -3 - -8. Suppose -g*n + 5*j + 0*j = -25, 3*j - 6 = -4*n. What is the units digit of n?
3
What is the units digit of ((-478)/3)/(34/(-51))?
9
Let w(n) = -5*n**3 - 7*n**2 - 7*n - 6. Let h be w(-4). Suppose 0 = -3*y + 8*y - h. What is the units digit of y?
6
Let p(a) = -a**3 - 11*a**2 + 10*a + 16. What is the units digit of p(-12)?
0
Let n(y) = y**3 + 7*y**2 + 5*y - 3. Let k(q) = q**3 - 6*q**2 + q - 6. Let u be k(6). Suppose 4*d + 5 + 19 = u. What is the units digit of n(d)?
3
Suppose d - 5*d = 128. What is the tens digit of (-7)/(14/d) + 0?
1
Let y(f) = f**2 + 3*f - 1. Let i be y(-4). Let b be ((-4)/(-3))/(2/i). Suppose -4*x = 2*k - 26, 0 = b*k - 8*x + 4*x + 6. What is the units digit of k?
5
Let i be (-10)/(-4) - 3/(-6). Suppose -u + 2 = -2*j - 0*u, i*u = 5*j + 6. Suppose j = -0*s - s + 13. What is the units digit of s?
3
Suppose 5*i = 4*y - y + 12, -4*y + 19 = 5*i. Suppose -t + 5 = -i*v, v - 15 = -2*v. What is the units digit of t?
0
What is the tens digit of (-174)/(-8) - 9/(-36)?
2
Suppose -4*v = -4*r + 4, -5*v + 6 = 3*r - 5. Suppose -2*w - r*w - 12 = 0, 2*w - 12 = -2*j. What is the units digit of j?
9
Let x = -67 - -78. What is the units digit of x?
1
Suppose -3*o = 2*l - 449, -l - 473 = -3*o - 18. What is the tens digit of o?
5
Let h(l) = l**3 + 8*l**2 - l - 8. Let z be h(-8). Suppose w + i = 6 - 3, z = 3*i. Let r = w - 0. What is the units digit of r?
3
Let a be (-1 - 4)/(2 + -3). Suppose 0*i - 5 = a*i. What is the units digit of (i/3)/((-6)/126)?
7
Let b(g) be the second derivative of -g**3/3 - g**2/2 + g. What is the units digit of b(-5)?
9
Suppose -4*c = 2*n - c - 12, -4 = -5*n - c. Suppose -k + 34 + 12 = n. What is the tens digit of k?
4
Let i(r) = 39*r + 7. What is the tens digit of i(2)?
8
Let x be -4*(0 + (-3)/2). Let l be (-1)/((2/(-16))/1). Let q = l - x. What is the units digit of q?
2
Suppose 3*x - 83 = -29. Suppose -3*m = -x - 6. Let o = 2 + m. What is the units digit of o?
0
Suppose 0 = 5*w - 5*x - 5 + 30, 3*x - 15 = -3*w. Suppose w = 2*r - 34 + 6. What is the tens digit of r?
1
Let p = 5 - -24. What is the tens digit of p?
2
Let i = 12 - 22. Let d = 28 + i. What is the units digit of d?
8
Suppose -5*m - 3*z = -1010, -m + z + 204 = 2*z. What is the units digit of m?
9
What is the tens digit of (-1485)/(-24) - (-4)/32?
6
Suppos